(-12)/p).
54
Suppose b - 4*h - 3 = 9, 0 = -b - 3*h + 12. Suppose 0 = -5*o - 2*y - b, -3*y - 1 - 4 = o. What is the remainder when 190/30 - o/3 is divided by 3?
1
Let m(x) = 259*x - 5290. Calculate the remainder when 1784 is divided by m(21).
145
Let l(v) = v**3 - 3*v**2 - 88*v - 55. Calculate the remainder when l(14) is divided by 170.
19
Let a be (-3)/(-15) + 1326/195. Suppose a*m = -9*m + 560. What is the remainder when 628 is divided by m?
33
Let j be 6*(-2)/10*35/(-14). Suppose 2*w = -j*g + 10, w + 5 = 3*g - 8. What is the remainder when 10 is divided by g?
2
Suppose 45*h - 9099 - 2151 = 0. Calculate the remainder when 280 is divided by h.
30
Calculate the remainder when 4 + (-107186)/(-9) - (3173/171 - 19) is divided by 12.
10
Let x be 261/12 + (-10)/(-40). Suppose -25*b + x*b = -126. Calculate the remainder when b is divided by 35.
7
Suppose -869 = -145*g + 2176. Let r be (-7)/(-9) - 8/(-36). Calculate the remainder when (57*r)/((-1)/(-1)) is divided by g.
15
Let p be -2 - -8 - (3 + 0). Suppose j + 4*m = 65, 5*j + 75 = -p*m + 332. Let z = j - 3. What is the remainder when z is divided by 12?
10
Suppose 1166*r - 490 = 1162*r + 5*f, r - 154 = -4*f. Calculate the remainder when 284 is divided by r.
24
Let i(o) = -137*o - 964. Calculate the remainder when i(-9) is divided by 85.
14
Let q(c) = 29*c**2 - 151*c + 305. What is the remainder when 828 is divided by q(2)?
114
Let v = 980 - 546. Let q(k) = -k**3 - 13*k**2 - 14*k + 5. Calculate the remainder when v is divided by q(-12).
28
Let v(n) = 94*n**2 - 5*n + 3. Suppose -3*t + 3 = -0*t. Let l be v(t). Suppose 5*j = l + 83. Calculate the remainder when j is divided by 19.
16
Let l(r) = r**3 - 5*r**2 + 6*r - 25. Let d be l(5). Let w(s) = 2*s. Calculate the remainder when (5 - 25/d) + 132/3 is divided by w(6).
8
Let v(b) be the first derivative of b**2/2 + 218*b - 95. Calculate the remainder when v(-45) is divided by 46.
35
Suppose 8*m - 8804 = -63*m. What is the remainder when 1607 is divided by m?
119
Suppose 102*d - 67 = 101*d. Let q = -67 + d. Suppose q = -5*h + 458 + 342. What is the remainder when h is divided by 18?
16
Suppose 7*o - 5*o = 26. Suppose -55 + o = -7*n. Suppose -n*z = -115 + 31. What is the remainder when 67 is divided by z?
11
Suppose -134565 + 27994 = -17*b - 62*b. What is the remainder when b is divided by 171?
152
Suppose 5*a - 5*y = 225, 3*a + 5*y + 789 - 868 = 0. What is the remainder when 92 is divided by a?
16
Suppose -11 + 2153 = 18*g. Calculate the remainder when g is divided by (9 - 3) + (3 - 3).
5
Let t(v) = 2*v**3 - 7*v**2 + 9*v - 4. Let x be t(2). Suppose x*l - 6 = -n - 4, -5*l = n + 4. Calculate the remainder when 18 is divided by n.
0
Let f(s) = s + 40. Let z be f(-25). Let m(t) = -t**3 + 16*t**2 - 10*t - 47. What is the remainder when 37 is divided by m(z)?
9
Suppose k - 2*m = -23 + 179, -4*k + 624 = 3*m. Let w = -140 + k. What is the remainder when w is divided by 10?
6
Suppose 0*a = -5*q - 3*a - 1754, 0 = -2*q - 3*a - 707. Let h = 142 - q. Let b = h - 288. What is the remainder when b is divided by 34?
33
Let o = 3212 + -3202. Calculate the remainder when 2073 is divided by o.
3
Let g be 4/(-6) + (8 - 128/24). Suppose 10 = 4*b + k, b - g*b - 3 = 3*k. What is the remainder when 7 is divided by b?
1
Let s = -671 + 746. Calculate the remainder when s is divided by (-4)/5*5*(-104)/16.
23
Suppose 47*o - 42*o - 180 = 0. Suppose c - 17 = 3*s, -31*c + o*c = 4*s + 118. Let t = 7 + -4. Calculate the remainder when c is divided by t.
2
Let f = 818 - 805. Let s(t) = -54*t**3 + 1. Let w be s(-1). What is the remainder when 15*-3*w/(-33) is divided by f?
10
Suppose n - 14 = i - 4*n, i + 2*n - 7 = 0. What is the remainder when (-15151)/(-109) + 1 + -4 + i is divided by 32?
9
Calculate the remainder when 576 is divided by 27*(80/(-75))/(-8)*140/6.
72
Let o(p) = -p**3 - 7*p**2 + p + 1551. Calculate the remainder when o(0) is divided by 156.
147
Let c(n) = -n**3 - n**2 - 2. Let r be (4 - 3) + -3 + 2. Let j be c(r). Let z(k) = -10*k + 4. Calculate the remainder when 47 is divided by z(j).
23
Let l(j) = j**3 + 8*j**3 - 15*j**2 - 8*j + 2 - 6*j**3 + 6*j**2 + 7*j**2. Calculate the remainder when l(4) is divided by 74.
56
Let r(k) = -k**2 - 13*k + 29. Suppose 57 = -5*i - 3. Let u be r(i). Let s = u - 5. What is the remainder when 105 is divided by s?
33
Let s = -183 - -313. Suppose 5*c - s = -4*k + 71, -c + 3*k + 25 = 0. Suppose 46*p - 36*p = 100. Calculate the remainder when c is divided by p.
7
Let u be ((-1272)/(-6))/(2/(-2)). Let t = u - 22. Let r = 347 + t. Calculate the remainder when r is divided by 23.
21
Let f(b) = 4*b + 378. What is the remainder when f(2) is divided by 365?
21
Suppose -2*m - 17*i = -19*i - 96, -4*m - i = -177. Suppose -2*p - m = -11*p. What is the remainder when 3/6*26*1 is divided by p?
3
Let y(l) = 40*l**2 + 1005*l + 3004. What is the remainder when y(-3) is divided by 171?
7
What is the remainder when 9*4*63/12*1 is divided by 77?
35
Let f(c) = -c - 4. Let r be f(-9). Suppose -6*s + 29 = -r*s. Suppose -4688*z = -4682*z - 72. What is the remainder when s is divided by z?
5
Suppose -8*w = -13*w - 3*b + 135, 4*b = -20. Suppose 5*r - 2*a + w = 10*r, 0 = -5*r + 5*a + 30. Calculate the remainder when 33 is divided by r.
3
Suppose -18 = -3*v - 3*t, -5*v + 2*v - 5*t = -26. Suppose 0 = -v*o + 3 + 173. Calculate the remainder when o is divided by 17.
3
Let l(f) = -59*f**3 - 2*f**2 + 1. Let y be (1/(-1) + -12)*480/(-8). Suppose 0 = 27*o + 12*o - y. Calculate the remainder when l(-1) is divided by o.
18
Let b = -15 + 22. Suppose -15 = b*a - 10*a. Suppose a*i = 4*t + 338, -2*i = t - 106 - 24. What is the remainder when i is divided by 17?
15
Suppose -m - 33029 = -5*n - 1027, -n - 4*m + 6392 = 0. What is the remainder when n is divided by 305?
300
Suppose 2*h - 2 = 0, 3*h + 8 = -2*a + 11. Suppose 3*b - b + 5*m - 189 = 0, -3*b - 3*m + 270 = a. What is the remainder when b is divided by 22?
21
Suppose -2*k - 2*k + 5*m = 511, 2*k - 5*m = -243. Suppose -39*z - 26*z - 13468 = -13*z. Let i = k - z. Calculate the remainder when i is divided by 42.
41
Suppose -1651 = -3*x - 2*o, 4*x - 2198 = -15*o + 14*o. Calculate the remainder when x is divided by 171.
36
Suppose 2*x = 5*x - 15. Suppose t - 52 = -r, 0 = 4*r - x*r. What is the remainder when (-4314)/(-42) - 2/(-7) is divided by t?
51
Suppose -5*o + 295 = 5*w, -2*w - 1 + 127 = -2*o. What is the remainder when 142 is divided by w?
20
Let s(z) = -335*z - 127. What is the remainder when s(-5) is divided by 28?
8
Let k be 1*(10 + -3 - 7). Suppose -3*b - 5*u + 256 + 272 = k, -3*b = 2*u - 528. Calculate the remainder when b is divided by 33.
11
Let k(i) = 2*i + 7. Let t be (-3)/(-21) + -2 + 312/21. Let v(y) = y**3 - 14*y**2 + 13*y + 11. Let c be v(t). What is the remainder when k(c) is divided by 16?
13
Suppose -3*v = -44*v + 94*v - 371. Suppose -5*c + 66 - 16 = 0. Calculate the remainder when c is divided by v.
3
Let q(x) = x + 4. Let b be 20/(-25) - (-33)/(-15). Let j(k) = -k**2 - 4*k + 1. Let y be j(b). Calculate the remainder when 39 is divided by q(y).
7
Suppose -d + 0 = -12. Suppose -3*o + 0*o + d = 0. Suppose 3*x + o*x - 294 = 0. Calculate the remainder when 165 is divided by x.
39
What is the remainder when 143 is divided by 2 - (16 + -9 - (-5 + 20))?
3
Suppose 379*q = 406*q - 486. Calculate the remainder when ((-15)/(-10))/((-2)/(-68)) is divided by q.
15
Suppose 5*q + 3 + 2 = 0. Let p be -1 - (45/(-12) + q/4). Calculate the remainder when ((-662)/(-18) - p) + (-6)/(-27) is divided by 9.
7
Let o(a) = -2 + 22*a + 3 + 9 + 3*a**2. Let z be o(-11). Let p = 218 - z. What is the remainder when p is divided by 22?
21
Suppose l - 4*c - 3843 - 1783 = 0, l - 2*c = 5632. Calculate the remainder when l is divided by 30.
28
Suppose 313 = 6*t - 23. Suppose 0 = d + 3*d, 2*p + 4*d = t. What is the remainder when 88 is divided by p?
4
Suppose 48*t = k + 46*t - 8, -40 = -5*k - 4*t. What is the remainder when -2 + (2 + -3 - -41) is divided by k?
6
Suppose -4*c = 4*t - 6*t + 1660, -4*t - 4*c + 3308 = 0. Suppose -30*d + 12*d + t = 0. Suppose -3*h - 2*h + 60 = 0. What is the remainder when d is divided by h?
10
Let f(d) = -d. Let h be f(0). Suppose 88*o - 87*o - 244 = h. Calculate the remainder when o is divided by 49.
48
Let n(y) = 48*